 of h.
2, 293
Suppose -29 = 7*l - 155. List the prime factors of 0 + 22 + l + -16.
2, 3
Let i = 563 + -279. List the prime factors of i.
2, 71
Let h = 134 - 73. Let l(u) = 2*u**3 + 5*u**2 - 3*u + 1. Let n be l(-4). Let t = h + n. What are the prime factors of t?
2, 13
Suppose -2*s = -b + 303, b + 3*s = 6*b - 1536. Let i = -220 + b. What are the prime factors of i?
89
Let s(k) = 7*k**2 - 6*k - 11. Let z be s(8). Let v = z - 258. List the prime factors of v.
131
Let y(i) = i**3 + 15*i**2 - 3*i + 23. What are the prime factors of y(-12)?
491
Let n = -13 + 23. Let g(i) = -i**3 + 9*i**2 + 12*i - 5. Let y be g(n). Let p = 66 - y. List the prime factors of p.
3, 17
Let a = -329 - -847. What are the prime factors of a?
2, 7, 37
Suppose 8*v + 4*l = 3*v + 137, 5*l - 15 = 0. Let q = 46 - v. What are the prime factors of q?
3, 7
Suppose -4*t - 1540 = 312. Let l = 669 + t. What are the prime factors of l?
2, 103
Suppose 0*m - x = -m + 1656, 3*x + 9936 = 6*m. List the prime factors of m.
2, 3, 23
Let f(v) = -3*v + 2. Let r be f(2). Let h be 1/r - 113/(-4). Suppose 5*m - 110 = -5*x, 4*m + h + 20 = 4*x. What are the prime factors of x?
17
Suppose -5*o + 457 + 873 = 0. Let g = o + -47. List the prime factors of g.
3, 73
Let x(d) = d**2 + 6*d + 8. Let l be x(-5). Suppose 72 = 5*w - l*w. List the prime factors of w.
2, 3
List the prime factors of (-40 - -43)/((-2)/(-38)).
3, 19
Let l(c) = 521*c + 16. What are the prime factors of l(2)?
2, 23
Let y be 172/36 - (-6)/27. Suppose 3*g = -y*t + 3*t + 272, -5*t - 5*g + 685 = 0. What are the prime factors of t?
139
Suppose -2180 = -2*p + b, 0 = 4*p - 2*b - 5*b - 4350. What are the prime factors of p?
1091
Suppose -3*p + 2*j = -28, 3*p = -0*p - j + 31. What are the prime factors of p?
2, 5
Suppose 5*g - 259 + 44 = 0. Suppose 3*b = g + 35. What are the prime factors of b?
2, 13
Suppose -2*q - 45 = l - 6*l, l + 3 = -2*q. Let x = l - -83. What are the prime factors of x?
2, 3, 5
Suppose -2*g + 0*x + x = -12, -2*x = 4. Suppose 9*f - 60 = 345. What are the prime factors of (-4)/g + 1386/f?
2, 3, 5
Let l be 35/10*6/7. Let s(p) = 6*p**2 - 8 + 3 - 8*p + p**3 + l. What are the prime factors of s(-7)?
5
Let c be 98*(-2 + 7 - 4). Suppose 4*o = 2*o + c. Suppose 6*z + o = 121. List the prime factors of z.
2, 3
Let d(w) = -6*w**2 + 5*w - 20. Let p be d(-9). Let a = -380 - p. What are the prime factors of a?
3, 19
Let l(o) = -o**3 + 6*o**2 + 5*o + 5. Let h be l(8). Let g = h - -117. What are the prime factors of g?
2, 17
Let r(q) = -6*q - 4. Let g(x) = -x + 2. Let h(b) = -2*g(b) + r(b). Let n be 2/7 + (-79)/7. What are the prime factors of h(n)?
2, 3
Let c = 38 + -37. Suppose -4*i + 131 = -c. What are the prime factors of i?
3, 11
Let g be (-101)/(-4) - 4/16. Let s = -20 + g. Suppose 2*l + 138 = s*f, -2*l + 4*l + 54 = 2*f. List the prime factors of f.
2, 7
Let q(h) = h**3 - 6*h**2 - 4*h - 16. Let d be q(7). Let m(y) = 5*y**3 + 6*y**2 + 2 - 15*y**3 + 11*y**3 + d*y. List the prime factors of m(-4).
2, 7
List the prime factors of (65/39)/(20/5976).
2, 3, 83
Let u(y) = -9*y**3 + y. Let p be u(1). Let j = 11 + p. Suppose 0 = -j*m - 4*h - 15 + 83, 4*h + 52 = 2*m. What are the prime factors of m?
2, 3
Let t(n) = -n. Let m(k) = 18*k - 57. Let v(q) = m(q) + 5*t(q). What are the prime factors of v(8)?
47
Suppose 4*d = 5*r - 612, r + 436 = -3*d - r. Let o = d + 169. What are the prime factors of o?
3, 7
Let y(z) = 3*z**2 - 7*z - 8. Let a be y(-6). Suppose 6*m = 98 + a. List the prime factors of m.
2, 5
Suppose 4*r - 3*r = 5. Let f be 163/r - (-16)/40. Suppose -2*n + 23 = -f. What are the prime factors of n?
2, 7
Let g = 7 + -6. Let h be 0/((-4 - -5) + g). Suppose -231 = -7*t - h*t. List the prime factors of t.
3, 11
Let f = 568 - 131. What are the prime factors of f?
19, 23
Let g = -4 - -6. Let u = 281 + -266. Suppose -g*x + x + u = 0. List the prime factors of x.
3, 5
Let s(y) = 58*y**2 - 2. Let v(j) = 2*j**2 - 1. Let g be v(-1). What are the prime factors of s(g)?
2, 7
Let z = 2893 + -2015. List the prime factors of z.
2, 439
Let u = 1138 + 29. What are the prime factors of u?
3, 389
Let s(h) = h + 17. Let x be 2/9 - (-780)/(-108). Let f be s(x). Suppose 0*w + w = f. What are the prime factors of w?
2, 5
Suppose 0 = w, -2*k - 5*w = -0*k - 6. Suppose -288 = -19*i + k*i. List the prime factors of i.
2, 3
Suppose i = 4*a + 24, 2*a + 10 = 2*i - 14. Suppose 0 = -6*l + i*l - 16. Let c = -5 + l. List the prime factors of c.
3
Suppose -4*d = 5*b - 562, -4*d - 3*b + 258 + 308 = 0. What are the prime factors of d?
11, 13
Suppose 3*k - 2*k = -5*b + 9, -2*k - b + 9 = 0. Suppose -k*x + 399 = -x. List the prime factors of x.
7, 19
Let s(i) = i**3 - 4*i**2 - i + 6. Let u be s(4). Suppose -5*l + u*l = -126. List the prime factors of l.
2, 3, 7
Suppose -4*o - 214 = -3*b, 0*b - 2*b + 4*o = -140. List the prime factors of b.
2, 37
Let r be 5*(-1 + 6/1). Let x = r + 103. What are the prime factors of x?
2
Suppose -3*b = -4*y - 0*y - 182, -2*y - 280 = -5*b. Let t = b - 128. Let m = -43 - t. What are the prime factors of m?
31
Suppose -16*h - 501 = -6709. What are the prime factors of h?
2, 97
Suppose 0 = -w - 2*k + 10, -w + 0*k = 3*k - 15. Suppose w*m = -3*m + 312. List the prime factors of m.
2, 13
Suppose 7*k - 2213 = 3709. What are the prime factors of k?
2, 3, 47
Suppose -2 = -y - 0. Suppose 141 = y*c - 19. Suppose 29 - c = -o. What are the prime factors of o?
3, 17
Let i = -6 + 8. Let y(b) = -3*b + 65 + b**i + 0*b - 69. List the prime factors of y(5).
2, 3
Let c = -118 - -120. Suppose c*o = 210 + 292. List the prime factors of o.
251
Suppose 4*r + 20 = 5*j, -2*j + r = 1 - 6. Suppose j = 2*f + 7 - 17. Suppose 25 + 95 = f*b. List the prime factors of b.
2, 3
Suppose -2*g + 77 = -s, -6*g = -2*g - 4*s - 164. Suppose -w - 3*w = -g. What are the prime factors of w?
3
Suppose -21 = -j + 25. What are the prime factors of j?
2, 23
What are the prime factors of ((-596)/(-16))/(16/1024)?
2, 149
Suppose 42 + 696 = 6*p. Suppose 5*x + p = 848. What are the prime factors of x?
5, 29
Suppose 78 = 10*a - 172. Let s(d) = d - 4. Let j be s(4). Suppose -h + j*h = -a. What are the prime factors of h?
5
Let y(t) = 14*t**2 - 1. Let d be 0*(-4)/16*2. Suppose -4*i + 3*i - 1 = d. List the prime factors of y(i).
13
Suppose -9*q - 256 = -1066. Suppose 6*a = a + q. What are the prime factors of a?
2, 3
Suppose -d = -8*h + 3*h - 847, 0 = 3*d - 4*h - 2585. List the prime factors of d.
3, 17
Let p = 671 - -249. What are the prime factors of p?
2, 5, 23
Suppose 0 = -2*m - 4*j + 4040, m = -2*m - 3*j + 6045. List the prime factors of m.
2, 3, 5, 67
Let i(v) = v + 17. Let w be i(-8). Suppose -x - w + 61 = 0. What are the prime factors of x?
2, 13
Suppose x = -4*x - 240. Let c = 20 + -47. Let d = c - x. What are the prime factors of d?
3, 7
Suppose 4*b = 5*b + 33. Let k = 284 - b. What are the prime factors of k?
317
Suppose -5*c = l - 1039, -3*c = 22*l - 27*l + 5251. List the prime factors of l.
1049
Let l = -22 - -5. Let n = l + 40. Let u = 7 + n. What are the prime factors of u?
2, 3, 5
Suppose 0 = 3*c + 1 - 10. Let d(l) = 16*l + 8. Let m be d(c). Let b = -1 + m. List the prime factors of b.
5, 11
Suppose 1202 = 4*u + 2*i - 418, 4*i = 4*u - 1644. List the prime factors of u.
11, 37
What are the prime factors of 2641 - (-13 + (-81)/(-9))?
5, 23
Let b(m) = 9*m + 12. Suppose 27 - 11 = 2*f. What are the prime factors of b(f)?
2, 3, 7
Let s = 1009 + -347. Suppose -8*n + s + 498 = 0. What are the prime factors of n?
5, 29
Suppose -b + 12 = 4*p - 2*b, -9 = -3*p - 3*b. Suppose 0 = -0*s - p*s. Suppose -c - c - 4*a + 54 = s, -5*c + 105 = -5*a. What are the prime factors of c?
23
Let f(x) = 88*x**2 - 18*x - 54. What are the prime factors of f(-5)?
2, 13, 43
Suppose j - 9 + 1 = 0. Let m(l) = l**3 + 4*l**2 - 14*l - 17. Let p be m(-5). Suppose 12*h - j*h = p. List the prime factors of h.
7
Let g = 15 + -13. Suppose 0 = g*b - 4*b + 6. List the prime factors of 12/8*26/b.
13
Let m = -3878 - -8859. What are the prime factors of m?
17, 293
Suppose 262 = w + 5*u, 2*u - 343 = 3*w - 1197. What are the prime factors of w?
2, 3, 47
Suppose -2*a + 66 = 5*b - 6*a, -4*b - 5*a = -20. Suppose 3*z - l = b, 5*l + 12 = -2*z + l. Suppose z*x - 196 = -2*x. What are the prime factors of x?
7
Suppose 4*m - 5805 = 5*p, 0 = 